or of 2220 and 35658380.
740
Calculate the greatest common divisor of 10014951 and 299823.
2157
What is the highest common factor of 8512 and 151805668?
532
What is the highest common factor of 2194156 and 4896?
68
What is the highest common divisor of 356459 and 76072?
257
Calculate the greatest common divisor of 1331 and 19348747.
1331
Calculate the greatest common factor of 20387241 and 154944.
2421
Calculate the highest common divisor of 30 and 84485690.
10
Calculate the highest common factor of 66385234 and 2262.
58
What is the highest common divisor of 96319278 and 209?
11
Calculate the highest common divisor of 4224 and 2337522.
66
What is the greatest common factor of 12964 and 3783636?
1852
What is the greatest common divisor of 98171 and 504769?
773
What is the greatest common divisor of 330 and 10084965?
165
What is the highest common factor of 3820 and 214122460?
3820
Calculate the highest common factor of 420500 and 16.
4
What is the highest common divisor of 52549380 and 702780?
13260
What is the greatest common factor of 63 and 61709487?
21
What is the highest common factor of 20123124 and 65856?
4116
Calculate the highest common divisor of 20302 and 1473.
1
Calculate the greatest common divisor of 25997972 and 8456.
4228
What is the greatest common divisor of 1028959 and 289?
17
Calculate the highest common divisor of 594 and 16195653.
27
What is the greatest common factor of 18386709 and 39735?
2649
What is the greatest common factor of 1442606 and 66?
22
Calculate the highest common factor of 1173490 and 109940.
2390
What is the greatest common divisor of 91 and 5465460?
91
What is the highest common factor of 387 and 2201913?
9
Calculate the greatest common divisor of 249050 and 2754.
34
What is the greatest common factor of 9415 and 2002?
7
What is the greatest common factor of 18 and 42447042?
18
What is the highest common factor of 378866398 and 2082?
694
What is the highest common factor of 124 and 76591948?
124
Calculate the greatest common factor of 400036 and 286.
26
Calculate the greatest common factor of 1504 and 32031816.
376
What is the greatest common factor of 40644 and 1010052?
36
What is the highest common factor of 2529345 and 43600?
545
What is the greatest common factor of 240 and 7977520?
80
What is the greatest common factor of 83230631 and 88?
11
Calculate the greatest common divisor of 2275873928 and 248.
248
Calculate the greatest common divisor of 328599 and 6786.
261
Calculate the greatest common divisor of 15975 and 46412487.
639
Calculate the greatest common factor of 333264 and 107272.
424
What is the highest common divisor of 114 and 22557598?
38
Calculate the highest common factor of 820 and 4709916.
164
Calculate the highest common divisor of 3608 and 1030412.
164
What is the greatest common factor of 432 and 2802546?
54
Calculate the greatest common factor of 49 and 8226148.
7
Calculate the highest common factor of 6743 and 34353.
11
Calculate the greatest common divisor of 19685 and 75175.
155
What is the highest common divisor of 551 and 4155281?
19
What is the greatest common factor of 7493 and 6731?
127
Calculate the greatest common divisor of 54 and 36320436.
18
Calculate the greatest common divisor of 134037 and 215808.
843
Calculate the greatest common factor of 34669262 and 19.
19
Calculate the greatest common divisor of 3630 and 4013295.
165
Calculate the greatest common divisor of 158190 and 285.
15
Calculate the greatest common divisor of 3970907 and 12593.
257
What is the greatest common divisor of 345 and 5911690?
115
Calculate the greatest common factor of 7107632 and 918.
34
What is the highest common divisor of 1686936 and 144?
24
What is the greatest common factor of 21637 and 167123?
11
What is the highest common factor of 69 and 9702?
3
What is the highest common factor of 1992 and 9390039?
249
Calculate the highest common divisor of 12122 and 83462.
58
What is the greatest common divisor of 274519 and 91?
7
What is the greatest common factor of 3133254 and 1758?
6
What is the highest common divisor of 918 and 11140236?
306
What is the greatest common divisor of 992 and 73998240?
992
Calculate the highest common factor of 11 and 11260931.
11
Calculate the highest common factor of 1651248 and 28.
4
Calculate the greatest common divisor of 74 and 99641.
37
What is the greatest common divisor of 4063572 and 12?
12
Calculate the highest common factor of 11656376 and 46060.
188
What is the greatest common factor of 5042958 and 24?
6
Calculate the greatest common divisor of 679998 and 6600.
66
What is the greatest common divisor of 76026072 and 168?
24
What is the highest common factor of 10595244 and 121?
121
Calculate the greatest common divisor of 71931005 and 155.
155
Calculate the greatest common factor of 178883 and 702043.
41
Calculate the greatest common divisor of 60434 and 4436.
2
What is the highest common divisor of 450843 and 14837445?
6729
What is the highest common factor of 9151135 and 658?
329
Calculate the greatest common divisor of 8849856 and 2496.
192
What is the highest common divisor of 5946504 and 72?
24
Calculate the greatest common factor of 1268303 and 63001.
251
Calculate the greatest common divisor of 5341452 and 783.
87
Calculate the highest common factor of 23800 and 286712650.
5950
Calculate the greatest common factor of 3315 and 95529885.
255
What is the highest common divisor of 87391 and 1265905?
281
Calculate the greatest common divisor of 7644637 and 13.
13
Calculate the greatest common divisor of 364 and 10396372.
28
Calculate the greatest common factor of 1988 and 41964692.
1988
What is the greatest common divisor of 1460524 and 26?
26
Calculate the highest common divisor of 425076 and 108.
12
What is the greatest common divisor of 104 and 41163083?
13
What is the highest common factor of 34119534 and 851?
23
Calculate the greatest common divisor of 245632322 and 26.
26
What is the greatest common factor of 11737 and 19109?
97
Calculate the highest common divisor of 31076512 and 96.
32
What is the highest common factor of 3530871 and 23679?
27
What is the highest common divisor of 185829173 and 59?
59
What is the greatest common divisor of 245450321 and 2462?
1231
Calculate the greatest common divisor of 489650 and 14532.
14
What is the highest common divisor of 336 and 36337168?
112
Calculate the greatest common divisor of 1998 and 20862006.
222
Calculate the highest common divisor of 3200 and 734080.
640
What is the greatest common divisor of 128 and 153531088?
16
What is the highest common divisor of 3933 and 250815?
69
Calculate the highest common divisor of 69435020 and 40.
20
Calculate the greatest common divisor of 527 and 19677007.
17
Calculate the highest common factor of 1288 and 20194.
46
Calculate the greatest common divisor of 7155 and 179140.
265
Calculate the highest common divisor of 51670818 and 15336.
3834
Calculate the highest common divisor of 2604 and 9532500.
372
What is the highest common factor of 20314298 and 78587?
883
What is the highest common factor of 268316751 and 927?
309
Calculate the greatest common divisor of 16065 and 8768655.
945
Calculate the greatest common factor of 387 and 323055.
9
What is the greatest common factor of 2224 and 29389048?
1112
What is the greatest common divisor of 2100220 and 205166?
1214
Calculate the highest common factor of 4216 and 42964202.
1054
Calculate the highest common divisor of 18195 and 79426027.
1213
Calculate the highest common factor of 8798617 and 816140.
3139
What is the greatest common divisor of 54 and 1032129?
27
Calculate the highest common factor of 25002 and 269704908.
8334
Calculate the greatest common factor of 620 and 7651885.
155
Calculate the highest common divisor of 609 and 49582750.
203
Calculate the highest common factor of 28371 and 81095.
49
What is the highest common factor of 76772388 and 342?
114
What is the greatest common factor of 43249560 and 1215?
15
What is the greatest common factor of 42219 and 64?
1
Calculate the highest common factor of 89487652 and 489.
163
Calculate the greatest common divisor of 162766 and 823142.
194
Calculate the highest common divisor of 80265964 and 1124.
1124
What is the highest common factor of 90442 and 14